s - l*k - 2 = 0. What is the units digit of s?
6
Let u be -618*(2/12*4 + -1). Let p = 91 + u. What is the hundreds digit of p?
2
Let k(o) = o**2 - 24*o + 30. Let r be k(9). Let y = 163 - r. What is the tens digit of y?
6
Let x = 6 + -12. Let l(r) = 30*r + 3. Let v be l(x). Let c = v + 362. What is the hundreds digit of c?
1
Let x = 953 + -951. Let w(i) = 52*i + 4 + 0*i + 8*i. What is the hundreds digit of w(x)?
1
Let k(f) = -3*f**3 + 5*f**2 + 5*f - 8. Suppose 7 - 1 = -x. Let r be k(x). Suppose -11*n = -n - r. What is the units digit of n?
9
What is the tens digit of 13602*(-88)/(-66) - (0 + -9)?
4
Let c(l) = -1088*l - 737. What is the hundreds digit of c(-4)?
6
Let o = -323 + 952. Suppose -5*r + 194 = o. Let j = r - -268. What is the units digit of j?
1
Suppose 5*a + 3*r - 44430 = 4*r, 2*a - r = 17772. What is the thousands digit of a?
8
Suppose 0 = 3*c + u - 35, -5*u + 53 = 5*c - 2. What is the tens digit of (c*2)/((-21)/(-266))?
0
Suppose 2*o + 0*o + 5*h = 4, 4*h - 6 = -2*o. Suppose o*j + 201 = 838. What is the tens digit of j?
9
Suppose 1085 = -h - 2*u, 5*h + 3248 = 2*h + u. Let i = -513 - h. What is the units digit of i?
0
Suppose 1 = 3*s - 98. Suppose -s*b = -36*b + 2340. Suppose -13*j + 0*j + b = 0. What is the tens digit of j?
6
Let b = -25 - -80. What is the units digit of -6 + 8 + b + 3?
0
Let t = -893 - -1285. Suppose 2*w + 280 = 1070. Suppose m + w = 4*h - 0*m, 4*h - 4*m = t. What is the units digit of h?
9
Suppose -49*x - 264 = -73*x. Suppose -1359 = x*t - 10313. What is the hundreds digit of t?
8
Let c(j) = j**2 + 2*j + 2. Let b be c(-3). Suppose -3*w + 2 = -7, -4*w = -b*s - 3592. What is the tens digit of 2/(-6) + s/(-6)?
1
Suppose -119*p + 117*p + 71215 = -5*x, -4*p - 3*x + 142521 = 0. What is the hundreds digit of p?
6
Suppose 20 = 3*q + 14. Let w(h) = -3*h**q + 6*h**2 + h**3 - h + 0*h**2 + h**2. What is the units digit of w(3)?
0
Suppose -59 = -5*f + z, 3*f - 34 = -2*z + 4*z. Let g be ((-16)/(-48))/(1/f). Suppose g*k - h = 67, -2*k - 5*h + 17 = -0*h. What is the tens digit of k?
1
Suppose 3*m = -4*o - 25, 5*o = -20*m + 25*m + 100. What is the units digit of ((-2526)/m)/((-30)/(-150))?
2
Let g(l) = -l**2 - 5*l + 25. Let d be g(-7). Let u = d + 1844. What is the thousands digit of u?
1
Suppose h = 4*h - 6. Suppose 0 = -4*b + 2 + 2, -5*c + 1193 = -h*b. What is the units digit of c?
9
Let i be (-9 - -2)*102/(-42). Let l(x) = -x**3 + 15*x**2 + 54*x + 16. What is the units digit of l(i)?
6
Let o(v) = 1751*v**2 - 6*v - 3. Let j = -733 - -732. What is the thousands digit of o(j)?
1
Let j(r) = 3*r + 19 + 1 - 5*r + 3*r. Let g be j(-17). Suppose -g*x + 51 + 210 = 0. What is the tens digit of x?
8
Let q be ((7 - 0) + -3)/4. Let a(y) = 630*y**3 - y**2 + 7*y - 5. What is the units digit of a(q)?
1
Suppose -2*d = j - 578, -2*d - 3*j - 154 = -736. Let r = 497 - d. What is the tens digit of r?
0
Suppose -g = 3*g - 40. What is the units digit of (7 + (2 - g))*445*-1?
5
Suppose -5*t + 10 - 45 = 0, 0 = -3*z - t + 12056. What is the tens digit of z?
2
Let c(x) = x. Suppose -4*l + 5*q = -7, -3 = -3*l - 3*q + 9. Let v be c(l). Let k(z) = 4*z + 2. What is the tens digit of k(v)?
1
Suppose -r - 4*r - 645 = 0. Let c = -8 - r. Suppose 2*h - 106 = -3*g + g, 2*h + 5*g - c = 0. What is the units digit of h?
8
Let d(c) = -c + 25. Let w be d(24). What is the units digit of (4 - w)/(-11 - -12)?
3
Let g(d) = -11*d + 12. Suppose -28 = -11*q + 38. Let t be g(q). Let y = 29 - t. What is the tens digit of y?
8
Suppose -26*h = -363570 + 36464. What is the hundreds digit of h?
5
Let n(u) = u**2 + 17*u + 31. Let v be n(-13). Let a(s) be the first derivative of -s**3/3 - 11*s**2 + 10*s - 2. What is the units digit of a(v)?
1
Let n be 179/(-3 - 76/(-24)) + 0. Suppose n = 4*l - 586. What is the tens digit of l?
1
Let b(d) = 15 + 15 + 2*d - 2 - 3*d + 5*d. Suppose 3*o = -o + 56. What is the units digit of b(o)?
4
Let j = 135 - 132. Suppose 0 = j*a - 2470 - 596. What is the thousands digit of a?
1
Let o(x) = 3*x - 11. Let p be o(0). Let g(z) = -14*z + 4. What is the units digit of g(p)?
8
Let z(f) = -f**2 + 57*f - 206. Let q = -299 + 318. What is the hundreds digit of z(q)?
5
Let y be (-43)/(-15) - 108/(-810). Suppose -y*l - 4*b = -3001 + 604, -5*b = -4*l + 3227. What is the tens digit of l?
0
Let b = -105 - -79. Let t = 37 + b. Suppose -t = 2*g - 319. What is the tens digit of g?
5
Let f = 8167 - -3363. What is the ten thousands digit of f?
1
What is the thousands digit of (-1)/((-6)/(-199602)*-3)?
1
Let m = 21 - 20. Let k be (30 + 1)/((0 + m)/1). Suppose -x = -9 - k. What is the tens digit of x?
4
Let q be (-17)/(119/(-84)) - 9. Let r(v) = 76*v - 47. What is the units digit of r(q)?
1
Let t(l) = -l**3 + 4*l**2 - 4*l + 10. Let j be t(7). Suppose 17 = -3*k - 2*i, -i + 23 = -5*k + i. What is the units digit of 20/(k/j*6)?
0
Suppose -5*y + 248400 = 3*k + 60551, k = -4*y + 150289. What is the units digit of y?
4
Let x(c) = 2*c**2 + 19*c - 104. Let w be x(8). Suppose 6*t - t + q = 181, 0 = -5*t + 4*q + w. What is the units digit of t?
6
Let r(g) = -25*g + 4. Let i(l) = l + 1. Let t(q) = 6*i(q) + 2*r(q). What is the units digit of t(-2)?
2
Let g be (-48)/(-26) - (84/78)/(-7). What is the hundreds digit of (3534/(-15))/(g/(-5))?
5
Suppose 5*m = -j + 2099, -2*m + 850 = 3*j - 0*j. Let a = m - 226. Suppose 3 = q, -w - 4*w + a = -4*q. What is the tens digit of w?
4
Let w(f) = 9*f + 436. Let r be w(0). Suppose -4*o + 12 = -r. Suppose 4*p = 4*z + 360, 4*p + z - 238 - o = 0. What is the tens digit of p?
8
What is the thousands digit of 6 + -18 + (-4 - -6333)?
6
Suppose -99*w - 2*p = -98*w - 18654, -2*w = -5*p - 37326. What is the ten thousands digit of w?
1
Suppose 0 = 473*z - 464*z - 174582. What is the thousands digit of z?
9
What is the hundreds digit of 59020/(41 - 21) - 1*8?
9
Let v(n) = 12*n - 4. Let q be v(1). Let l be (q/16)/(2/72). Suppose 0 = -4*i + 66 + l. What is the units digit of i?
1
Let j(b) = -3*b**2 - 297*b + 1649. What is the tens digit of j(-95)?
8
Suppose -18289 - 204591 = -40*p. What is the thousands digit of p?
5
Let t = 47 + -47. Suppose t*p - 6 = -6*p. Let o(w) = 30*w**2 - 1. What is the units digit of o(p)?
9
Suppose 0 = 4*z + 2*s + 70, 0 = -2*s - 10 + 4. Let w be 452*(-2)/z + (-2)/4. Suppose -2*v - 2*v = -4*x - 84, -4*v = 3*x - w. What is the units digit of v?
7
Let l be ((64/10)/4)/(42/105). What is the hundreds digit of (631 - (2 - 2))/(5 - l)?
6
Suppose 218 = 4*d + 3*v - 146, -4*v = 3*d - 266. Suppose 3*k + 111 = -3*x, 25 = -3*k - x - d. Let w = 34 - k. What is the tens digit of w?
7
Let g(v) = -661*v**3 + 31*v**2 + 2*v + 12. What is the ten thousands digit of g(-3)?
1
Suppose -4*s + 4*n - 15964 = 3212, -s - 4778 = 3*n. Let a = -3413 - s. What is the units digit of a?
7
Let p = 132825 - 66765. What is the tens digit of p?
6
Let r = 147 - -243. Suppose -1094 - r = -4*d. What is the hundreds digit of d?
3
What is the thousands digit of 320688/32 - 4/8?
0
Suppose -9 = 2*h + 5*t, -t - 2*t = 2*h + 3. Suppose 0 = 3*w + j - 6, 0 = -h*w - 0*w - 3*j. Suppose -4*c = w - 395. What is the tens digit of c?
9
Let x(f) = -5*f - 25. Let o be x(-9). Let s be (5 - 2) + (-4)/o*0. Suppose -381 = -s*y - 0*y. What is the tens digit of y?
2
Let d be 630/7*(-18)/(-30). Suppose -67*x = -d*x - 11999. What is the hundreds digit of x?
9
Suppose -8*h = -3*h - 2780. Let p = 792 - h. Let a = p - 103. What is the hundreds digit of a?
1
Let t be (0 + 2 - 3)*-33. Let a be 6/(-33) - (-72)/t. Suppose -11*w + 2366 = a*w. What is the units digit of w?
2
Suppose -95599 - 91489 = 8*u. What is the tens digit of u/(-110) + (-2)/(-5)?
1
Let c(o) = 3*o**2 + 6*o + 5. Suppose -5*f = h - 46, 5*h - h - 120 = -4*f. Let j = h - 22. What is the units digit of c(j)?
7
Let m = -281 - -3027. What is the tens digit of m?
4
Suppose 3*g + 2*f = 34, 2*f - 22 = -0*g - 2*g. Suppose 3*x - g = -3*j, -5*j + 3*x = -x - 47. Suppose -10*b + 63 = -j*b. What is the units digit of b?
1
What is the units digit of (-3428265)/(-380) + 7/(-4)?
0
Let q = -2316 - -7144. What is the units digit of q?
8
Let h be 4 + -7 + -5 + 267. Let i = h + 123. What is the units digit of i?
2
Suppose -4*p + 21334 = -4*m - 21886, -5*p = 5*m - 54025. What is the units digit of p?
5
Suppose 973*w + 1687702 = 1035*w. What is the thousands digit